{"id":1927,"date":"2022-04-22T11:39:21","date_gmt":"2022-04-22T09:39:21","guid":{"rendered":"https:\/\/lapausetendresse.fr\/?post_type=product&#038;p=1927"},"modified":"2024-08-25T12:20:07","modified_gmt":"2024-08-25T10:20:07","slug":"cadre-de-naissance-elephant-personnalise","status":"publish","type":"product","link":"https:\/\/lapausetendresse.fr\/?product=cadre-de-naissance-elephant-personnalise","title":{"rendered":"Cadre de naissance personnalis\u00e9 &#8211; \u00c9l\u00e9phant"},"content":{"rendered":"<p><u>Description\u00a0<\/u>: cadre de naissance 3D est \u00e0 poser ou \u00e0 accrocher au mur. Tout est confectionn\u00e9 par mes soins.<\/p>\n<p>L&rsquo;\u00e9l\u00e9phant et le ballon sont r\u00e9alis\u00e9 au crochet.<\/p>\n<p>Les inscriptions de naissance sont du vinyle brillant d\u00e9coup\u00e9 et coll\u00e9 sur la vitre du cadre.\u00a0 Vous pourrez par la suite changer sans probl\u00e8me le fond du cadre si vous souhaitez changer de couleurs pour l&rsquo;adapter \u00e0 la chambre de b\u00e9b\u00e9.<\/p>\n<p>l&rsquo;initiale du pr\u00e9nom de b\u00e9b\u00e9 est inscrit sur la patte arri\u00e8re de l&rsquo;\u00e9l\u00e9phant.<\/p>\n<p>&nbsp;<\/p>\n<p><u>Mat\u00e9riaux utilis\u00e9s :<\/u>\u00a0laine 100% coton (<a href=\"https:\/\/www.phildar.fr\/\">Phildar<\/a>\u00a0et\u00a0<a href=\"https:\/\/www.scheepjes.com\/en\/yarn\/\">Scheepjes<\/a>), cadre en bois blanc, vinyle noir brillant<\/p>\n<p><u>Dimension : <\/u>Le cadre mesure\u00a0 27 x 27 cm<\/p>\n<div>patron de l&rsquo;\u00e9l\u00e9phant et du ballon :\u00a0<a class=\"x1i10hfl xjbqb8w x6umtig x1b1mbwd xaqea5y xav7gou x9f619 x1ypdohk xt0psk2 xe8uvvx xdj266r x11i5rnm xat24cr x1mh8g0r xexx8yu x4uap5 x18d9i69 xkhd6sd x16tdsg8 x1hl2dhg xggy1nq x1a2a7pz notranslate _a6hd\" tabindex=\"0\" role=\"link\" href=\"https:\/\/www.instagram.com\/spinayarncrochet\/?hl=fr\">@spinayarncrochet<\/a><\/div>\n<div><\/div>\n<p>Le d\u00e9lais de fabrication peuvent varier, contactez moi pour plus d\u2019information.<\/p>\n<p>Attention, ceci est une d\u00e9coration. Ne la laissez pas \u00e0 la port\u00e9e des petites mains.<\/p>\n<h2><strong>N\u2019oubliez pas de m\u2019informer lors de la commande :<\/strong><\/h2>\n<ul>\n<li>le pr\u00e9nom et les informations de naissance<\/li>\n<li>la couleur d\u00e9sir\u00e9s pour le ballon et les fleurs sur la t\u00eate de l&rsquo;\u00e9l\u00e9phant<\/li>\n<\/ul>\n<p>&nbsp;<\/p>\n<p><img loading=\"lazy\" class=\"size-full wp-image-1300 aligncenter\" src=\"http:\/\/lapausetendresse.fr\/wp-content\/uploads\/2021\/10\/Cre%CC%81e%CC%81s-en-Provence-200x200-1.png\" sizes=\"(max-width: 200px) 100vw, 200px\" srcset=\"https:\/\/lapausetendresse.fr\/wp-content\/uploads\/2021\/10\/Cre\u0301e\u0301s-en-Provence-200x200-1.png 200w, https:\/\/lapausetendresse.fr\/wp-content\/uploads\/2021\/10\/Cre\u0301e\u0301s-en-Provence-200x200-1-150x150.png 150w, https:\/\/lapausetendresse.fr\/wp-content\/uploads\/2021\/10\/Cre\u0301e\u0301s-en-Provence-200x200-1-60x60.png 60w\" alt=\"\" width=\"200\" height=\"200\" \/><\/p>\n","protected":false},"excerpt":{"rendered":"<p>Vous recherchez un cadeau de naissance, d\u2019anniversaire unique et original ? Vous souhaitez juste apporter une touche d\u00e9co sur un mur ou une commode ?<br \/>\nCe cadre naissance est personnalisable par le choix des couleurs\u00a0 du ballon et des fleurs ou non sur l&rsquo;\u00e9l\u00e9phant et bien \u00e9videmment le pr\u00e9nom et les informations de naissance.<br \/>\nDes simples clous permettent sa fixation.<\/p>\n<ul>\n<li>Confectionn\u00e9 par mes soins ;<\/li>\n<li>Chaque pi\u00e8ce est unique ;<\/li>\n<li>Couleurs, pr\u00e9nom et infos de naissance personnalisables.<\/li>\n<\/ul>\n","protected":false},"featured_media":1928,"comment_status":"open","ping_status":"closed","template":"","meta":[],"product_cat":[31],"product_tag":[133,93,105,132,124,130,90],"yoast_head":"<!-- This site is optimized with the Yoast SEO plugin v17.4 - https:\/\/yoast.com\/wordpress\/plugins\/seo\/ -->\n<title>Cadre de naissance personnalis\u00e9 - \u00c9l\u00e9phant - La Pause Tendresse<\/title>\n<meta name=\"robots\" content=\"index, follow, max-snippet:-1, max-image-preview:large, max-video-preview:-1\" \/>\n<link rel=\"canonical\" href=\"https:\/\/lapausetendresse.fr\/?product=cadre-de-naissance-elephant-personnalise\" \/>\n<meta property=\"og:locale\" content=\"fr_FR\" \/>\n<meta property=\"og:type\" content=\"article\" \/>\n<meta property=\"og:title\" content=\"Cadre de naissance personnalis\u00e9 - \u00c9l\u00e9phant - La Pause Tendresse\" \/>\n<meta property=\"og:description\" content=\"Vous recherchez un cadeau de naissance, d\u2019anniversaire unique et original ? Vous souhaitez juste apporter une touche d\u00e9co sur un mur ou une commode ? Ce cadre naissance est personnalisable par le choix des couleurs\u00a0 du ballon et des fleurs ou non sur l&#039;\u00e9l\u00e9phant et bien \u00e9videmment le pr\u00e9nom et les informations de naissance. Des simples clous permettent sa fixation.   Confectionn\u00e9 par mes soins ;  Chaque pi\u00e8ce est unique ;  Couleurs, pr\u00e9nom et infos de naissance personnalisables.\" \/>\n<meta property=\"og:url\" content=\"https:\/\/lapausetendresse.fr\/?product=cadre-de-naissance-elephant-personnalise\" \/>\n<meta property=\"og:site_name\" content=\"La Pause Tendresse\" \/>\n<meta property=\"article:modified_time\" content=\"2024-08-25T10:20:07+00:00\" \/>\n<meta property=\"og:image\" content=\"https:\/\/lapausetendresse.fr\/wp-content\/uploads\/2022\/04\/IMG_1749-scaled.jpg\" \/>\n\t<meta property=\"og:image:width\" content=\"2560\" \/>\n\t<meta property=\"og:image:height\" content=\"2560\" \/>\n<meta name=\"twitter:card\" content=\"summary_large_image\" \/>\n<meta name=\"twitter:label1\" content=\"Dur\u00e9e de lecture est.\" \/>\n\t<meta name=\"twitter:data1\" content=\"1 minute\" \/>\n<script type=\"application\/ld+json\" class=\"yoast-schema-graph\">{\"@context\":\"https:\/\/schema.org\",\"@graph\":[{\"@type\":\"WebSite\",\"@id\":\"http:\/\/lapausetendresse.fr\/#website\",\"url\":\"http:\/\/lapausetendresse.fr\/\",\"name\":\"La Pause Tendresse\",\"description\":\"Passionn\\u00e9e par le crochet et le monde des Petits\",\"potentialAction\":[{\"@type\":\"SearchAction\",\"target\":{\"@type\":\"EntryPoint\",\"urlTemplate\":\"http:\/\/lapausetendresse.fr\/?s={search_term_string}\"},\"query-input\":\"required name=search_term_string\"}],\"inLanguage\":\"fr-FR\"},{\"@type\":\"ImageObject\",\"@id\":\"https:\/\/lapausetendresse.fr\/?product=cadre-de-naissance-elephant-personnalise#primaryimage\",\"inLanguage\":\"fr-FR\",\"url\":\"https:\/\/lapausetendresse.fr\/wp-content\/uploads\/2022\/04\/IMG_1749-scaled.jpg\",\"contentUrl\":\"https:\/\/lapausetendresse.fr\/wp-content\/uploads\/2022\/04\/IMG_1749-scaled.jpg\",\"width\":2560,\"height\":2560},{\"@type\":\"WebPage\",\"@id\":\"https:\/\/lapausetendresse.fr\/?product=cadre-de-naissance-elephant-personnalise#webpage\",\"url\":\"https:\/\/lapausetendresse.fr\/?product=cadre-de-naissance-elephant-personnalise\",\"name\":\"Cadre de naissance personnalis\\u00e9 - \\u00c9l\\u00e9phant - La Pause Tendresse\",\"isPartOf\":{\"@id\":\"http:\/\/lapausetendresse.fr\/#website\"},\"primaryImageOfPage\":{\"@id\":\"https:\/\/lapausetendresse.fr\/?product=cadre-de-naissance-elephant-personnalise#primaryimage\"},\"datePublished\":\"2022-04-22T09:39:21+00:00\",\"dateModified\":\"2024-08-25T10:20:07+00:00\",\"breadcrumb\":{\"@id\":\"https:\/\/lapausetendresse.fr\/?product=cadre-de-naissance-elephant-personnalise#breadcrumb\"},\"inLanguage\":\"fr-FR\",\"potentialAction\":[{\"@type\":\"ReadAction\",\"target\":[\"https:\/\/lapausetendresse.fr\/?product=cadre-de-naissance-elephant-personnalise\"]}]},{\"@type\":\"BreadcrumbList\",\"@id\":\"https:\/\/lapausetendresse.fr\/?product=cadre-de-naissance-elephant-personnalise#breadcrumb\",\"itemListElement\":[{\"@type\":\"ListItem\",\"position\":1,\"name\":\"Accueil\",\"item\":\"http:\/\/lapausetendresse.fr\/\"},{\"@type\":\"ListItem\",\"position\":2,\"name\":\"Mes Cr\\u00e9ations\",\"item\":\"https:\/\/lapausetendresse.fr\/?page_id=452\"},{\"@type\":\"ListItem\",\"position\":3,\"name\":\"Cadre de naissance personnalis\\u00e9 &#8211; \\u00c9l\\u00e9phant\"}]}]}<\/script>\n<!-- \/ Yoast SEO plugin. -->","yoast_head_json":{"title":"Cadre de naissance personnalis\u00e9 - \u00c9l\u00e9phant - La Pause Tendresse","robots":{"index":"index","follow":"follow","max-snippet":"max-snippet:-1","max-image-preview":"max-image-preview:large","max-video-preview":"max-video-preview:-1"},"canonical":"https:\/\/lapausetendresse.fr\/?product=cadre-de-naissance-elephant-personnalise","og_locale":"fr_FR","og_type":"article","og_title":"Cadre de naissance personnalis\u00e9 - \u00c9l\u00e9phant - La Pause Tendresse","og_description":"Vous recherchez un cadeau de naissance, d\u2019anniversaire unique et original ? Vous souhaitez juste apporter une touche d\u00e9co sur un mur ou une commode ? Ce cadre naissance est personnalisable par le choix des couleurs\u00a0 du ballon et des fleurs ou non sur l'\u00e9l\u00e9phant et bien \u00e9videmment le pr\u00e9nom et les informations de naissance. Des simples clous permettent sa fixation.   Confectionn\u00e9 par mes soins ;  Chaque pi\u00e8ce est unique ;  Couleurs, pr\u00e9nom et infos de naissance personnalisables.","og_url":"https:\/\/lapausetendresse.fr\/?product=cadre-de-naissance-elephant-personnalise","og_site_name":"La Pause Tendresse","article_modified_time":"2024-08-25T10:20:07+00:00","og_image":[{"width":2560,"height":2560,"url":"https:\/\/lapausetendresse.fr\/wp-content\/uploads\/2022\/04\/IMG_1749-scaled.jpg","type":"image\/jpeg"}],"twitter_card":"summary_large_image","twitter_misc":{"Dur\u00e9e de lecture est.":"1 minute"},"schema":{"@context":"https:\/\/schema.org","@graph":[{"@type":"WebSite","@id":"http:\/\/lapausetendresse.fr\/#website","url":"http:\/\/lapausetendresse.fr\/","name":"La Pause Tendresse","description":"Passionn\u00e9e par le crochet et le monde des Petits","potentialAction":[{"@type":"SearchAction","target":{"@type":"EntryPoint","urlTemplate":"http:\/\/lapausetendresse.fr\/?s={search_term_string}"},"query-input":"required name=search_term_string"}],"inLanguage":"fr-FR"},{"@type":"ImageObject","@id":"https:\/\/lapausetendresse.fr\/?product=cadre-de-naissance-elephant-personnalise#primaryimage","inLanguage":"fr-FR","url":"https:\/\/lapausetendresse.fr\/wp-content\/uploads\/2022\/04\/IMG_1749-scaled.jpg","contentUrl":"https:\/\/lapausetendresse.fr\/wp-content\/uploads\/2022\/04\/IMG_1749-scaled.jpg","width":2560,"height":2560},{"@type":"WebPage","@id":"https:\/\/lapausetendresse.fr\/?product=cadre-de-naissance-elephant-personnalise#webpage","url":"https:\/\/lapausetendresse.fr\/?product=cadre-de-naissance-elephant-personnalise","name":"Cadre de naissance personnalis\u00e9 - \u00c9l\u00e9phant - La Pause Tendresse","isPartOf":{"@id":"http:\/\/lapausetendresse.fr\/#website"},"primaryImageOfPage":{"@id":"https:\/\/lapausetendresse.fr\/?product=cadre-de-naissance-elephant-personnalise#primaryimage"},"datePublished":"2022-04-22T09:39:21+00:00","dateModified":"2024-08-25T10:20:07+00:00","breadcrumb":{"@id":"https:\/\/lapausetendresse.fr\/?product=cadre-de-naissance-elephant-personnalise#breadcrumb"},"inLanguage":"fr-FR","potentialAction":[{"@type":"ReadAction","target":["https:\/\/lapausetendresse.fr\/?product=cadre-de-naissance-elephant-personnalise"]}]},{"@type":"BreadcrumbList","@id":"https:\/\/lapausetendresse.fr\/?product=cadre-de-naissance-elephant-personnalise#breadcrumb","itemListElement":[{"@type":"ListItem","position":1,"name":"Accueil","item":"http:\/\/lapausetendresse.fr\/"},{"@type":"ListItem","position":2,"name":"Mes Cr\u00e9ations","item":"https:\/\/lapausetendresse.fr\/?page_id=452"},{"@type":"ListItem","position":3,"name":"Cadre de naissance personnalis\u00e9 &#8211; \u00c9l\u00e9phant"}]}]}},"_links":{"self":[{"href":"https:\/\/lapausetendresse.fr\/index.php?rest_route=\/wp\/v2\/product\/1927"}],"collection":[{"href":"https:\/\/lapausetendresse.fr\/index.php?rest_route=\/wp\/v2\/product"}],"about":[{"href":"https:\/\/lapausetendresse.fr\/index.php?rest_route=\/wp\/v2\/types\/product"}],"replies":[{"embeddable":true,"href":"https:\/\/lapausetendresse.fr\/index.php?rest_route=%2Fwp%2Fv2%2Fcomments&post=1927"}],"wp:featuredmedia":[{"embeddable":true,"href":"https:\/\/lapausetendresse.fr\/index.php?rest_route=\/wp\/v2\/media\/1928"}],"wp:attachment":[{"href":"https:\/\/lapausetendresse.fr\/index.php?rest_route=%2Fwp%2Fv2%2Fmedia&parent=1927"}],"wp:term":[{"taxonomy":"product_cat","embeddable":true,"href":"https:\/\/lapausetendresse.fr\/index.php?rest_route=%2Fwp%2Fv2%2Fproduct_cat&post=1927"},{"taxonomy":"product_tag","embeddable":true,"href":"https:\/\/lapausetendresse.fr\/index.php?rest_route=%2Fwp%2Fv2%2Fproduct_tag&post=1927"}],"curies":[{"name":"wp","href":"https:\/\/api.w.org\/{rel}","templated":true}]}}