{"id":2592,"date":"2023-02-05T17:39:02","date_gmt":"2023-02-05T16:39:02","guid":{"rendered":"https:\/\/lapausetendresse.fr\/?post_type=product&#038;p=2592"},"modified":"2025-09-24T20:36:14","modified_gmt":"2025-09-24T18:36:14","slug":"verre-personnalise-gobelet-reutilisable-en-plastique","status":"publish","type":"product","link":"https:\/\/lapausetendresse.fr\/?product=verre-personnalise-gobelet-reutilisable-en-plastique","title":{"rendered":"Verre personnalis\u00e9 &#8211; gobelet r\u00e9utilisable en plastique"},"content":{"rendered":"<p>Gobelet <span class=\"a-list-item\">Fabriqu\u00e9 en plastique polypropyl\u00e8ne rigide de 30 cl.<\/span><\/p>\n<p>&nbsp;<\/p>\n<p>Article fabriqu\u00e9, emball\u00e9 puis exp\u00e9di\u00e9 sous 6-10 jours ouvr\u00e9s.<\/p>\n<p>&nbsp;<\/p>\n<h2>N\u2019oubliez pas de m\u2019informer lors de la commande :<\/h2>\n<ul>\n<li>le pr\u00e9nom \u00e0 appliquer<\/li>\n<\/ul>\n<p>&nbsp;<\/p>\n<p><img loading=\"lazy\" class=\"size-full wp-image-1300 aligncenter\" src=\"http:\/\/lapausetendresse.fr\/wp-content\/uploads\/2021\/10\/Cre%CC%81e%CC%81s-en-Provence-200x200-1.png\" sizes=\"(max-width: 200px) 100vw, 200px\" srcset=\"https:\/\/lapausetendresse.fr\/wp-content\/uploads\/2021\/10\/Cre\u0301e\u0301s-en-Provence-200x200-1.png 200w, https:\/\/lapausetendresse.fr\/wp-content\/uploads\/2021\/10\/Cre\u0301e\u0301s-en-Provence-200x200-1-150x150.png 150w, https:\/\/lapausetendresse.fr\/wp-content\/uploads\/2021\/10\/Cre\u0301e\u0301s-en-Provence-200x200-1-60x60.png 60w\" alt=\"\" width=\"200\" height=\"200\" \/><\/p>\n","protected":false},"excerpt":{"rendered":"<p>Verre \/ gobelet r\u00e9utilisable personnalis\u00e9 au pr\u00e9nom de l&rsquo;enfant<\/p>\n<p>A utiliser soit \u00e0 table tous jours, pour le brossage des dents, lors d&rsquo;une f\u00eate d&rsquo;anniversaire, bapt\u00eame&#8230;<\/p>\n","protected":false},"featured_media":3361,"comment_status":"open","ping_status":"closed","template":"","meta":[],"product_cat":[112],"product_tag":[170,240,239],"yoast_head":"<!-- This site is optimized with the Yoast SEO plugin v17.4 - https:\/\/yoast.com\/wordpress\/plugins\/seo\/ -->\n<title>Verre personnalis\u00e9 - gobelet r\u00e9utilisable en plastique - La Pause Tendresse<\/title>\n<meta name=\"robots\" content=\"index, follow, max-snippet:-1, max-image-preview:large, max-video-preview:-1\" \/>\n<link rel=\"canonical\" href=\"https:\/\/lapausetendresse.fr\/?product=verre-personnalise-gobelet-reutilisable-en-plastique\" \/>\n<meta property=\"og:locale\" content=\"fr_FR\" \/>\n<meta property=\"og:type\" content=\"article\" \/>\n<meta property=\"og:title\" content=\"Verre personnalis\u00e9 - gobelet r\u00e9utilisable en plastique - La Pause Tendresse\" \/>\n<meta property=\"og:description\" content=\"Verre \/ gobelet r\u00e9utilisable personnalis\u00e9 au pr\u00e9nom de l&#039;enfant  A utiliser soit \u00e0 table tous jours, pour le brossage des dents, lors d&#039;une f\u00eate d&#039;anniversaire, bapt\u00eame...\" \/>\n<meta property=\"og:url\" content=\"https:\/\/lapausetendresse.fr\/?product=verre-personnalise-gobelet-reutilisable-en-plastique\" \/>\n<meta property=\"og:site_name\" content=\"La Pause Tendresse\" \/>\n<meta property=\"article:modified_time\" content=\"2025-09-24T18:36:14+00:00\" \/>\n<meta property=\"og:image\" content=\"https:\/\/lapausetendresse.fr\/wp-content\/uploads\/2023\/02\/IMG_0535-scaled.jpeg\" \/>\n\t<meta property=\"og:image:width\" content=\"2560\" \/>\n\t<meta property=\"og:image:height\" content=\"2560\" \/>\n<meta name=\"twitter:card\" content=\"summary_large_image\" \/>\n<script type=\"application\/ld+json\" class=\"yoast-schema-graph\">{\"@context\":\"https:\/\/schema.org\",\"@graph\":[{\"@type\":\"WebSite\",\"@id\":\"http:\/\/lapausetendresse.fr\/#website\",\"url\":\"http:\/\/lapausetendresse.fr\/\",\"name\":\"La Pause Tendresse\",\"description\":\"Passionn\\u00e9e par le crochet et le monde des Petits\",\"potentialAction\":[{\"@type\":\"SearchAction\",\"target\":{\"@type\":\"EntryPoint\",\"urlTemplate\":\"http:\/\/lapausetendresse.fr\/?s={search_term_string}\"},\"query-input\":\"required name=search_term_string\"}],\"inLanguage\":\"fr-FR\"},{\"@type\":\"ImageObject\",\"@id\":\"https:\/\/lapausetendresse.fr\/?product=verre-personnalise-gobelet-reutilisable-en-plastique#primaryimage\",\"inLanguage\":\"fr-FR\",\"url\":\"https:\/\/lapausetendresse.fr\/wp-content\/uploads\/2023\/02\/IMG_0535-scaled.jpeg\",\"contentUrl\":\"https:\/\/lapausetendresse.fr\/wp-content\/uploads\/2023\/02\/IMG_0535-scaled.jpeg\",\"width\":2560,\"height\":2560},{\"@type\":\"WebPage\",\"@id\":\"https:\/\/lapausetendresse.fr\/?product=verre-personnalise-gobelet-reutilisable-en-plastique#webpage\",\"url\":\"https:\/\/lapausetendresse.fr\/?product=verre-personnalise-gobelet-reutilisable-en-plastique\",\"name\":\"Verre personnalis\\u00e9 - gobelet r\\u00e9utilisable en plastique - La Pause Tendresse\",\"isPartOf\":{\"@id\":\"http:\/\/lapausetendresse.fr\/#website\"},\"primaryImageOfPage\":{\"@id\":\"https:\/\/lapausetendresse.fr\/?product=verre-personnalise-gobelet-reutilisable-en-plastique#primaryimage\"},\"datePublished\":\"2023-02-05T16:39:02+00:00\",\"dateModified\":\"2025-09-24T18:36:14+00:00\",\"breadcrumb\":{\"@id\":\"https:\/\/lapausetendresse.fr\/?product=verre-personnalise-gobelet-reutilisable-en-plastique#breadcrumb\"},\"inLanguage\":\"fr-FR\",\"potentialAction\":[{\"@type\":\"ReadAction\",\"target\":[\"https:\/\/lapausetendresse.fr\/?product=verre-personnalise-gobelet-reutilisable-en-plastique\"]}]},{\"@type\":\"BreadcrumbList\",\"@id\":\"https:\/\/lapausetendresse.fr\/?product=verre-personnalise-gobelet-reutilisable-en-plastique#breadcrumb\",\"itemListElement\":[{\"@type\":\"ListItem\",\"position\":1,\"name\":\"Accueil\",\"item\":\"http:\/\/lapausetendresse.fr\/\"},{\"@type\":\"ListItem\",\"position\":2,\"name\":\"Mes Cr\\u00e9ations\",\"item\":\"https:\/\/lapausetendresse.fr\/?page_id=452\"},{\"@type\":\"ListItem\",\"position\":3,\"name\":\"Verre personnalis\\u00e9 &#8211; gobelet r\\u00e9utilisable en plastique\"}]}]}<\/script>\n<!-- \/ Yoast SEO plugin. -->","yoast_head_json":{"title":"Verre personnalis\u00e9 - gobelet r\u00e9utilisable en plastique - La Pause Tendresse","robots":{"index":"index","follow":"follow","max-snippet":"max-snippet:-1","max-image-preview":"max-image-preview:large","max-video-preview":"max-video-preview:-1"},"canonical":"https:\/\/lapausetendresse.fr\/?product=verre-personnalise-gobelet-reutilisable-en-plastique","og_locale":"fr_FR","og_type":"article","og_title":"Verre personnalis\u00e9 - gobelet r\u00e9utilisable en plastique - La Pause Tendresse","og_description":"Verre \/ gobelet r\u00e9utilisable personnalis\u00e9 au pr\u00e9nom de l'enfant  A utiliser soit \u00e0 table tous jours, pour le brossage des dents, lors d'une f\u00eate d'anniversaire, bapt\u00eame...","og_url":"https:\/\/lapausetendresse.fr\/?product=verre-personnalise-gobelet-reutilisable-en-plastique","og_site_name":"La Pause Tendresse","article_modified_time":"2025-09-24T18:36:14+00:00","og_image":[{"width":2560,"height":2560,"url":"https:\/\/lapausetendresse.fr\/wp-content\/uploads\/2023\/02\/IMG_0535-scaled.jpeg","type":"image\/jpeg"}],"twitter_card":"summary_large_image","schema":{"@context":"https:\/\/schema.org","@graph":[{"@type":"WebSite","@id":"http:\/\/lapausetendresse.fr\/#website","url":"http:\/\/lapausetendresse.fr\/","name":"La Pause Tendresse","description":"Passionn\u00e9e par le crochet et le monde des Petits","potentialAction":[{"@type":"SearchAction","target":{"@type":"EntryPoint","urlTemplate":"http:\/\/lapausetendresse.fr\/?s={search_term_string}"},"query-input":"required name=search_term_string"}],"inLanguage":"fr-FR"},{"@type":"ImageObject","@id":"https:\/\/lapausetendresse.fr\/?product=verre-personnalise-gobelet-reutilisable-en-plastique#primaryimage","inLanguage":"fr-FR","url":"https:\/\/lapausetendresse.fr\/wp-content\/uploads\/2023\/02\/IMG_0535-scaled.jpeg","contentUrl":"https:\/\/lapausetendresse.fr\/wp-content\/uploads\/2023\/02\/IMG_0535-scaled.jpeg","width":2560,"height":2560},{"@type":"WebPage","@id":"https:\/\/lapausetendresse.fr\/?product=verre-personnalise-gobelet-reutilisable-en-plastique#webpage","url":"https:\/\/lapausetendresse.fr\/?product=verre-personnalise-gobelet-reutilisable-en-plastique","name":"Verre personnalis\u00e9 - gobelet r\u00e9utilisable en plastique - La Pause Tendresse","isPartOf":{"@id":"http:\/\/lapausetendresse.fr\/#website"},"primaryImageOfPage":{"@id":"https:\/\/lapausetendresse.fr\/?product=verre-personnalise-gobelet-reutilisable-en-plastique#primaryimage"},"datePublished":"2023-02-05T16:39:02+00:00","dateModified":"2025-09-24T18:36:14+00:00","breadcrumb":{"@id":"https:\/\/lapausetendresse.fr\/?product=verre-personnalise-gobelet-reutilisable-en-plastique#breadcrumb"},"inLanguage":"fr-FR","potentialAction":[{"@type":"ReadAction","target":["https:\/\/lapausetendresse.fr\/?product=verre-personnalise-gobelet-reutilisable-en-plastique"]}]},{"@type":"BreadcrumbList","@id":"https:\/\/lapausetendresse.fr\/?product=verre-personnalise-gobelet-reutilisable-en-plastique#breadcrumb","itemListElement":[{"@type":"ListItem","position":1,"name":"Accueil","item":"http:\/\/lapausetendresse.fr\/"},{"@type":"ListItem","position":2,"name":"Mes Cr\u00e9ations","item":"https:\/\/lapausetendresse.fr\/?page_id=452"},{"@type":"ListItem","position":3,"name":"Verre personnalis\u00e9 &#8211; gobelet r\u00e9utilisable en plastique"}]}]}},"_links":{"self":[{"href":"https:\/\/lapausetendresse.fr\/index.php?rest_route=\/wp\/v2\/product\/2592"}],"collection":[{"href":"https:\/\/lapausetendresse.fr\/index.php?rest_route=\/wp\/v2\/product"}],"about":[{"href":"https:\/\/lapausetendresse.fr\/index.php?rest_route=\/wp\/v2\/types\/product"}],"replies":[{"embeddable":true,"href":"https:\/\/lapausetendresse.fr\/index.php?rest_route=%2Fwp%2Fv2%2Fcomments&post=2592"}],"wp:featuredmedia":[{"embeddable":true,"href":"https:\/\/lapausetendresse.fr\/index.php?rest_route=\/wp\/v2\/media\/3361"}],"wp:attachment":[{"href":"https:\/\/lapausetendresse.fr\/index.php?rest_route=%2Fwp%2Fv2%2Fmedia&parent=2592"}],"wp:term":[{"taxonomy":"product_cat","embeddable":true,"href":"https:\/\/lapausetendresse.fr\/index.php?rest_route=%2Fwp%2Fv2%2Fproduct_cat&post=2592"},{"taxonomy":"product_tag","embeddable":true,"href":"https:\/\/lapausetendresse.fr\/index.php?rest_route=%2Fwp%2Fv2%2Fproduct_tag&post=2592"}],"curies":[{"name":"wp","href":"https:\/\/api.w.org\/{rel}","templated":true}]}}