{"id":3411,"date":"2024-08-28T10:10:10","date_gmt":"2024-08-28T08:10:10","guid":{"rendered":"https:\/\/lapausetendresse.fr\/?post_type=product&#038;p=3411"},"modified":"2025-04-28T09:32:16","modified_gmt":"2025-04-28T07:32:16","slug":"couronne-prenom-3-animaux-girly-avec-tulle","status":"publish","type":"product","link":"https:\/\/lapausetendresse.fr\/?product=couronne-prenom-3-animaux-girly-avec-tulle","title":{"rendered":"Couronne Pr\u00e9nom &#8211; 3 animaux girly avec tulle"},"content":{"rendered":"<p><u>Description\u00a0<\/u>: inscription r\u00e9alis\u00e9 au tricotin avec de la laine. Les animaux sont r\u00e9alis\u00e9s au crochet coll\u00e9s sur un tissu de tulle. Le tout fix\u00e9 sur une couronne en bois de 30 cm de diam\u00e8tre. Tout est confectionn\u00e9 par mes soins.<\/p>\n<p>Attention, les couleurs peuvent \u00eatre l\u00e9g\u00e8rement diff\u00e9rentes en fonction des \u00e9crans. N\u2019h\u00e9sitez pas \u00e0 me contacter en cas de doute.<\/p>\n<p>Note importante : Rupture de stock sur le tulle de la photo : Les prochaines couronnes seront faites avec du tulle blanc sans pois.<\/p>\n<p><u>Mat\u00e9riaux utilis\u00e9s :<\/u>\u00a0laine 100% coton (<a href=\"https:\/\/www.phildar.fr\/\">Phildar<\/a>\u00a0et\u00a0<a href=\"https:\/\/www.scheepjes.com\/en\/yarn\/\">Scheepjes<\/a>), fil d\u2019aluminium de 2,5 mm d\u2019\u00e9paisseur, tulle blanc, couronne en bois.<\/p>\n<p><u>Dimension :<\/u><\/p>\n<div class=\"range-revamp-product-dimensions__list-container\">la couronne en bois mesure 30 cm de diam\u00e8tre. La taille des lettres varie en fonction de la longueur du pr\u00e9nom. Selon la longueur, le pr\u00e9nom d\u00e9passera plus ou moins du cercle.<\/div>\n<div><\/div>\n<div>Il est possible de remplacer les animaux. Dans ce cas, n&rsquo;h\u00e9sitez pas \u00e0 me contacter avant pour voir ensemble ce qu&rsquo;il est possible de r\u00e9aliser.<\/div>\n<p>Le d\u00e9lais de fabrication peuvent varier, contactez moi pour plus d\u2019information.<\/p>\n<p>Attention, ceci est une d\u00e9coration. Ne la laissez pas \u00e0 la port\u00e9e des petites mains.<\/p>\n<h2><strong>N\u2019oubliez pas de m\u2019informer lors de la commande :<\/strong><\/h2>\n<ul>\n<li>le pr\u00e9nom ou mot \u00e0 inscrire<\/li>\n<li>les couleurs (si diff\u00e9rentes)<\/li>\n<\/ul>\n<p>&nbsp;<\/p>\n<p><img loading=\"lazy\" class=\"size-full wp-image-1300 aligncenter\" src=\"http:\/\/lapausetendresse.fr\/wp-content\/uploads\/2021\/10\/Cre%CC%81e%CC%81s-en-Provence-200x200-1.png\" sizes=\"(max-width: 200px) 100vw, 200px\" srcset=\"https:\/\/lapausetendresse.fr\/wp-content\/uploads\/2021\/10\/Cre\u0301e\u0301s-en-Provence-200x200-1.png 200w, https:\/\/lapausetendresse.fr\/wp-content\/uploads\/2021\/10\/Cre\u0301e\u0301s-en-Provence-200x200-1-150x150.png 150w, https:\/\/lapausetendresse.fr\/wp-content\/uploads\/2021\/10\/Cre\u0301e\u0301s-en-Provence-200x200-1-60x60.png 60w\" alt=\"\" width=\"200\" height=\"200\" \/><\/p>\n","protected":false},"excerpt":{"rendered":"<p>Vous recherchez un cadeau de naissance, d\u2019anniversaire unique et original ? Vous souhaitez juste apporter une touche d\u00e9co sur un mur ou une porte ?<br \/>\nCette couronne de pr\u00e9nom est personnalisable par le choix des couleurs et du pr\u00e9nom ou mot \u00e0 inscrire.<br \/>\nDes simples clous permettent sa fixation.<\/p>\n<ul>\n<li>Confectionn\u00e9 par mes soins ;<\/li>\n<li>Chaque pi\u00e8ce est unique ;<\/li>\n<li>Couleurs et pr\u00e9nom personnalisables ;<\/li>\n<li>Mati\u00e8res naturelles.<\/li>\n<\/ul>\n","protected":false},"featured_media":3388,"comment_status":"open","ping_status":"closed","template":"","meta":[],"product_cat":[31],"product_tag":[94,325,326],"yoast_head":"<!-- This site is optimized with the Yoast SEO plugin v17.4 - https:\/\/yoast.com\/wordpress\/plugins\/seo\/ -->\n<title>Couronne Pr\u00e9nom - 3 animaux girly avec tulle - La Pause Tendresse<\/title>\n<meta name=\"robots\" content=\"index, follow, max-snippet:-1, max-image-preview:large, max-video-preview:-1\" \/>\n<link rel=\"canonical\" href=\"https:\/\/lapausetendresse.fr\/?product=couronne-prenom-3-animaux-girly-avec-tulle\" \/>\n<meta property=\"og:locale\" content=\"fr_FR\" \/>\n<meta property=\"og:type\" content=\"article\" \/>\n<meta property=\"og:title\" content=\"Couronne Pr\u00e9nom - 3 animaux girly avec tulle - La Pause Tendresse\" \/>\n<meta property=\"og:description\" content=\"Vous recherchez un cadeau de naissance, d\u2019anniversaire unique et original ? Vous souhaitez juste apporter une touche d\u00e9co sur un mur ou une porte ? Cette couronne de pr\u00e9nom est personnalisable par le choix des couleurs et du pr\u00e9nom ou mot \u00e0 inscrire. Des simples clous permettent sa fixation.   Confectionn\u00e9 par mes soins ;  Chaque pi\u00e8ce est unique ;  Couleurs et pr\u00e9nom personnalisables ;  Mati\u00e8res naturelles.\" \/>\n<meta property=\"og:url\" content=\"https:\/\/lapausetendresse.fr\/?product=couronne-prenom-3-animaux-girly-avec-tulle\" \/>\n<meta property=\"og:site_name\" content=\"La Pause Tendresse\" \/>\n<meta property=\"article:modified_time\" content=\"2025-04-28T07:32:16+00:00\" \/>\n<meta property=\"og:image\" content=\"http:\/\/lapausetendresse.fr\/wp-content\/uploads\/2024\/08\/IMG_0146-scaled.jpeg\" \/>\n\t<meta property=\"og:image:width\" content=\"2560\" \/>\n\t<meta property=\"og:image:height\" content=\"2560\" \/>\n<meta name=\"twitter:card\" content=\"summary_large_image\" \/>\n<meta name=\"twitter:label1\" content=\"Dur\u00e9e de lecture est.\" \/>\n\t<meta name=\"twitter:data1\" content=\"1 minute\" \/>\n<script type=\"application\/ld+json\" class=\"yoast-schema-graph\">{\"@context\":\"https:\/\/schema.org\",\"@graph\":[{\"@type\":\"WebSite\",\"@id\":\"http:\/\/lapausetendresse.fr\/#website\",\"url\":\"http:\/\/lapausetendresse.fr\/\",\"name\":\"La Pause Tendresse\",\"description\":\"Passionn\\u00e9e par le crochet et le monde des Petits\",\"potentialAction\":[{\"@type\":\"SearchAction\",\"target\":{\"@type\":\"EntryPoint\",\"urlTemplate\":\"http:\/\/lapausetendresse.fr\/?s={search_term_string}\"},\"query-input\":\"required name=search_term_string\"}],\"inLanguage\":\"fr-FR\"},{\"@type\":\"ImageObject\",\"@id\":\"https:\/\/lapausetendresse.fr\/?product=couronne-prenom-3-animaux-girly-avec-tulle#primaryimage\",\"inLanguage\":\"fr-FR\",\"url\":\"https:\/\/lapausetendresse.fr\/wp-content\/uploads\/2024\/08\/IMG_0146-scaled.jpeg\",\"contentUrl\":\"https:\/\/lapausetendresse.fr\/wp-content\/uploads\/2024\/08\/IMG_0146-scaled.jpeg\",\"width\":2560,\"height\":2560},{\"@type\":\"WebPage\",\"@id\":\"https:\/\/lapausetendresse.fr\/?product=couronne-prenom-3-animaux-girly-avec-tulle#webpage\",\"url\":\"https:\/\/lapausetendresse.fr\/?product=couronne-prenom-3-animaux-girly-avec-tulle\",\"name\":\"Couronne Pr\\u00e9nom - 3 animaux girly avec tulle - La Pause Tendresse\",\"isPartOf\":{\"@id\":\"http:\/\/lapausetendresse.fr\/#website\"},\"primaryImageOfPage\":{\"@id\":\"https:\/\/lapausetendresse.fr\/?product=couronne-prenom-3-animaux-girly-avec-tulle#primaryimage\"},\"datePublished\":\"2024-08-28T08:10:10+00:00\",\"dateModified\":\"2025-04-28T07:32:16+00:00\",\"breadcrumb\":{\"@id\":\"https:\/\/lapausetendresse.fr\/?product=couronne-prenom-3-animaux-girly-avec-tulle#breadcrumb\"},\"inLanguage\":\"fr-FR\",\"potentialAction\":[{\"@type\":\"ReadAction\",\"target\":[\"https:\/\/lapausetendresse.fr\/?product=couronne-prenom-3-animaux-girly-avec-tulle\"]}]},{\"@type\":\"BreadcrumbList\",\"@id\":\"https:\/\/lapausetendresse.fr\/?product=couronne-prenom-3-animaux-girly-avec-tulle#breadcrumb\",\"itemListElement\":[{\"@type\":\"ListItem\",\"position\":1,\"name\":\"Accueil\",\"item\":\"http:\/\/lapausetendresse.fr\/\"},{\"@type\":\"ListItem\",\"position\":2,\"name\":\"Mes Cr\\u00e9ations\",\"item\":\"https:\/\/lapausetendresse.fr\/?page_id=452\"},{\"@type\":\"ListItem\",\"position\":3,\"name\":\"Couronne Pr\\u00e9nom &#8211; 3 animaux girly avec tulle\"}]}]}<\/script>\n<!-- \/ Yoast SEO plugin. -->","yoast_head_json":{"title":"Couronne Pr\u00e9nom - 3 animaux girly avec tulle - La Pause Tendresse","robots":{"index":"index","follow":"follow","max-snippet":"max-snippet:-1","max-image-preview":"max-image-preview:large","max-video-preview":"max-video-preview:-1"},"canonical":"https:\/\/lapausetendresse.fr\/?product=couronne-prenom-3-animaux-girly-avec-tulle","og_locale":"fr_FR","og_type":"article","og_title":"Couronne Pr\u00e9nom - 3 animaux girly avec tulle - La Pause Tendresse","og_description":"Vous recherchez un cadeau de naissance, d\u2019anniversaire unique et original ? Vous souhaitez juste apporter une touche d\u00e9co sur un mur ou une porte ? Cette couronne de pr\u00e9nom est personnalisable par le choix des couleurs et du pr\u00e9nom ou mot \u00e0 inscrire. Des simples clous permettent sa fixation.   Confectionn\u00e9 par mes soins ;  Chaque pi\u00e8ce est unique ;  Couleurs et pr\u00e9nom personnalisables ;  Mati\u00e8res naturelles.","og_url":"https:\/\/lapausetendresse.fr\/?product=couronne-prenom-3-animaux-girly-avec-tulle","og_site_name":"La Pause Tendresse","article_modified_time":"2025-04-28T07:32:16+00:00","og_image":[{"width":2560,"height":2560,"url":"http:\/\/lapausetendresse.fr\/wp-content\/uploads\/2024\/08\/IMG_0146-scaled.jpeg","type":"image\/jpeg"}],"twitter_card":"summary_large_image","twitter_misc":{"Dur\u00e9e de lecture est.":"1 minute"},"schema":{"@context":"https:\/\/schema.org","@graph":[{"@type":"WebSite","@id":"http:\/\/lapausetendresse.fr\/#website","url":"http:\/\/lapausetendresse.fr\/","name":"La Pause Tendresse","description":"Passionn\u00e9e par le crochet et le monde des Petits","potentialAction":[{"@type":"SearchAction","target":{"@type":"EntryPoint","urlTemplate":"http:\/\/lapausetendresse.fr\/?s={search_term_string}"},"query-input":"required name=search_term_string"}],"inLanguage":"fr-FR"},{"@type":"ImageObject","@id":"https:\/\/lapausetendresse.fr\/?product=couronne-prenom-3-animaux-girly-avec-tulle#primaryimage","inLanguage":"fr-FR","url":"https:\/\/lapausetendresse.fr\/wp-content\/uploads\/2024\/08\/IMG_0146-scaled.jpeg","contentUrl":"https:\/\/lapausetendresse.fr\/wp-content\/uploads\/2024\/08\/IMG_0146-scaled.jpeg","width":2560,"height":2560},{"@type":"WebPage","@id":"https:\/\/lapausetendresse.fr\/?product=couronne-prenom-3-animaux-girly-avec-tulle#webpage","url":"https:\/\/lapausetendresse.fr\/?product=couronne-prenom-3-animaux-girly-avec-tulle","name":"Couronne Pr\u00e9nom - 3 animaux girly avec tulle - La Pause Tendresse","isPartOf":{"@id":"http:\/\/lapausetendresse.fr\/#website"},"primaryImageOfPage":{"@id":"https:\/\/lapausetendresse.fr\/?product=couronne-prenom-3-animaux-girly-avec-tulle#primaryimage"},"datePublished":"2024-08-28T08:10:10+00:00","dateModified":"2025-04-28T07:32:16+00:00","breadcrumb":{"@id":"https:\/\/lapausetendresse.fr\/?product=couronne-prenom-3-animaux-girly-avec-tulle#breadcrumb"},"inLanguage":"fr-FR","potentialAction":[{"@type":"ReadAction","target":["https:\/\/lapausetendresse.fr\/?product=couronne-prenom-3-animaux-girly-avec-tulle"]}]},{"@type":"BreadcrumbList","@id":"https:\/\/lapausetendresse.fr\/?product=couronne-prenom-3-animaux-girly-avec-tulle#breadcrumb","itemListElement":[{"@type":"ListItem","position":1,"name":"Accueil","item":"http:\/\/lapausetendresse.fr\/"},{"@type":"ListItem","position":2,"name":"Mes Cr\u00e9ations","item":"https:\/\/lapausetendresse.fr\/?page_id=452"},{"@type":"ListItem","position":3,"name":"Couronne Pr\u00e9nom &#8211; 3 animaux girly avec tulle"}]}]}},"_links":{"self":[{"href":"https:\/\/lapausetendresse.fr\/index.php?rest_route=\/wp\/v2\/product\/3411"}],"collection":[{"href":"https:\/\/lapausetendresse.fr\/index.php?rest_route=\/wp\/v2\/product"}],"about":[{"href":"https:\/\/lapausetendresse.fr\/index.php?rest_route=\/wp\/v2\/types\/product"}],"replies":[{"embeddable":true,"href":"https:\/\/lapausetendresse.fr\/index.php?rest_route=%2Fwp%2Fv2%2Fcomments&post=3411"}],"wp:featuredmedia":[{"embeddable":true,"href":"https:\/\/lapausetendresse.fr\/index.php?rest_route=\/wp\/v2\/media\/3388"}],"wp:attachment":[{"href":"https:\/\/lapausetendresse.fr\/index.php?rest_route=%2Fwp%2Fv2%2Fmedia&parent=3411"}],"wp:term":[{"taxonomy":"product_cat","embeddable":true,"href":"https:\/\/lapausetendresse.fr\/index.php?rest_route=%2Fwp%2Fv2%2Fproduct_cat&post=3411"},{"taxonomy":"product_tag","embeddable":true,"href":"https:\/\/lapausetendresse.fr\/index.php?rest_route=%2Fwp%2Fv2%2Fproduct_tag&post=3411"}],"curies":[{"name":"wp","href":"https:\/\/api.w.org\/{rel}","templated":true}]}}