{"id":3544,"date":"2024-10-08T08:59:10","date_gmt":"2024-10-08T06:59:10","guid":{"rendered":"https:\/\/lapausetendresse.fr\/?post_type=product&#038;p=3544"},"modified":"2025-07-06T11:40:01","modified_gmt":"2025-07-06T09:40:01","slug":"doudou-lange-pingouin-et-son-noeud-2","status":"publish","type":"product","link":"https:\/\/lapausetendresse.fr\/?product=doudou-lange-pingouin-et-son-noeud-2","title":{"rendered":"Doudou lange Pingouin et son noeud"},"content":{"rendered":"<p>Article d\u00e9j\u00e0 confectionn\u00e9 mais jamais exp\u00e9di\u00e9 donc neuf. Exp\u00e9di\u00e9 sous 2 jours ouvr\u00e9s apr\u00e8s r\u00e9ception du r\u00e8glement.<\/p>\n<p>Impossible sur ce mod\u00e8le de choisir la couleur<\/p>\n<p><u>Mat\u00e9riaux utilis\u00e9s :<\/u>\u00a0laine 100% coton (<a href=\"https:\/\/www.phildar.fr\/\">Phildar<\/a>\u00a0et\u00a0<a href=\"https:\/\/www.scheepjes.com\/en\/yarn\/\">Scheepjes<\/a>), mousse de rembourrage 100% polyester et tissus de qualit\u00e9 okeo-tex (minky et double gaze) au choix parmi plusieurs couleurs<\/p>\n<p><u>Dimension :<\/u> le carr\u00e9 de tissus mesure environ 25 cm. La t\u00eate du pingouin environ 8cm de diam\u00e8tre<\/p>\n<p>couleurs du tissus de l\u2019annonce : tissus minky rose et double gaze rose \u00e0 pois dor\u00e9.<\/p>\n<p>patron des parties crochet du doudou : <span class=\"x7l2uk3 xt0e3qv\">@fairy_toys_by_inna_chi<\/span><\/p>\n<p>&nbsp;<\/p>\n<p><u>Conseil d\u2019entretien :<\/u><\/p>\n<p>Possibilit\u00e9 de le passer en machine, en cycle d\u00e9licat, \u00e0 30 degr\u00e9.<br \/>\nEssorage doux.<br \/>\nPas de s\u00e8che linge.<\/p>\n<p>Pas de repassage sur les tissus minky \u00e0 pois et sur les double gaze \u00e0 pois dor\u00e9.<\/p>\n<p>&nbsp;<\/p>\n<p>Pensez aux attaches doudous -&gt; disponible dans l\u2019onglet \u00ab\u00a0Accessoires\u00a0\u00bb ainsi b\u00e9b\u00e9 ne perdra plus son doudou ou ne sera plus sali.<\/p>\n<p>&nbsp;<\/p>\n<p><img loading=\"lazy\" class=\"size-full wp-image-1300 aligncenter\" src=\"http:\/\/lapausetendresse.fr\/wp-content\/uploads\/2021\/10\/Cre%CC%81e%CC%81s-en-Provence-200x200-1.png\" sizes=\"(max-width: 200px) 100vw, 200px\" srcset=\"https:\/\/lapausetendresse.fr\/wp-content\/uploads\/2021\/10\/Cre\u0301e\u0301s-en-Provence-200x200-1.png 200w, https:\/\/lapausetendresse.fr\/wp-content\/uploads\/2021\/10\/Cre\u0301e\u0301s-en-Provence-200x200-1-150x150.png 150w, https:\/\/lapausetendresse.fr\/wp-content\/uploads\/2021\/10\/Cre\u0301e\u0301s-en-Provence-200x200-1-60x60.png 60w\" alt=\"\" width=\"200\" height=\"200\" \/><\/p>\n","protected":false},"excerpt":{"rendered":"<p>Produit en stock, d\u00e9j\u00e0 confectionn\u00e9 (mais jamais exp\u00e9di\u00e9). Pr\u00eat \u00e0 partir.<\/p>\n<p>Des mati\u00e8res et couleurs toutes douces pour le confort de b\u00e9b\u00e9.<br \/>\nLe compagnon id\u00e9al pour que b\u00e9b\u00e9 se sente rassur\u00e9.<\/p>\n<p>Pensez aux attaches doudous -&gt; disponible dans l\u2019onglet \u00ab\u00a0Accessoires\u00a0\u00bb ainsi b\u00e9b\u00e9 ne perdra plus son doudou ou ne sera plus sali.<\/p>\n<ul>\n<li>Confectionn\u00e9 par mes soins,<\/li>\n<li>Chaque pi\u00e8ce est unique ;<\/li>\n<li>Textures diff\u00e9rentes qui stimulent le toucher ;<\/li>\n<li>Envoi tr\u00e8s rapide.<\/li>\n<\/ul>\n","protected":false},"featured_media":1840,"comment_status":"open","ping_status":"closed","template":"","meta":[],"product_cat":[334],"product_tag":[335,106,49],"yoast_head":"<!-- This site is optimized with the Yoast SEO plugin v17.4 - https:\/\/yoast.com\/wordpress\/plugins\/seo\/ -->\n<title>Doudou lange Pingouin et son noeud - La Pause Tendresse<\/title>\n<meta name=\"robots\" content=\"index, follow, max-snippet:-1, max-image-preview:large, max-video-preview:-1\" \/>\n<link rel=\"canonical\" href=\"https:\/\/lapausetendresse.fr\/?product=doudou-lange-pingouin-et-son-noeud-2\" \/>\n<meta property=\"og:locale\" content=\"fr_FR\" \/>\n<meta property=\"og:type\" content=\"article\" \/>\n<meta property=\"og:title\" content=\"Doudou lange Pingouin et son noeud - La Pause Tendresse\" \/>\n<meta property=\"og:description\" content=\"Produit en stock, d\u00e9j\u00e0 confectionn\u00e9 (mais jamais exp\u00e9di\u00e9). Pr\u00eat \u00e0 partir.  Des mati\u00e8res et couleurs toutes douces pour le confort de b\u00e9b\u00e9. Le compagnon id\u00e9al pour que b\u00e9b\u00e9 se sente rassur\u00e9.  Pensez aux attaches doudous -&gt; disponible dans l\u2019onglet \u00ab\u00a0Accessoires\u00a0\u00bb ainsi b\u00e9b\u00e9 ne perdra plus son doudou ou ne sera plus sali.   Confectionn\u00e9 par mes soins,  Chaque pi\u00e8ce est unique ;  Textures diff\u00e9rentes qui stimulent le toucher ;  Envoi tr\u00e8s rapide.\" \/>\n<meta property=\"og:url\" content=\"https:\/\/lapausetendresse.fr\/?product=doudou-lange-pingouin-et-son-noeud-2\" \/>\n<meta property=\"og:site_name\" content=\"La Pause Tendresse\" \/>\n<meta property=\"article:modified_time\" content=\"2025-07-06T09:40:01+00:00\" \/>\n<meta property=\"og:image\" content=\"http:\/\/lapausetendresse.fr\/wp-content\/uploads\/2022\/02\/6D27BB56-F6EE-4762-9E16-B74F7761F452.jpg\" \/>\n\t<meta property=\"og:image:width\" content=\"1440\" \/>\n\t<meta property=\"og:image:height\" content=\"1440\" \/>\n<meta name=\"twitter:card\" content=\"summary_large_image\" \/>\n<meta name=\"twitter:label1\" content=\"Dur\u00e9e de lecture est.\" \/>\n\t<meta name=\"twitter:data1\" content=\"1 minute\" \/>\n<script type=\"application\/ld+json\" class=\"yoast-schema-graph\">{\"@context\":\"https:\/\/schema.org\",\"@graph\":[{\"@type\":\"WebSite\",\"@id\":\"http:\/\/lapausetendresse.fr\/#website\",\"url\":\"http:\/\/lapausetendresse.fr\/\",\"name\":\"La Pause Tendresse\",\"description\":\"Passionn\\u00e9e par le crochet et le monde des Petits\",\"potentialAction\":[{\"@type\":\"SearchAction\",\"target\":{\"@type\":\"EntryPoint\",\"urlTemplate\":\"http:\/\/lapausetendresse.fr\/?s={search_term_string}\"},\"query-input\":\"required name=search_term_string\"}],\"inLanguage\":\"fr-FR\"},{\"@type\":\"ImageObject\",\"@id\":\"https:\/\/lapausetendresse.fr\/?product=doudou-lange-pingouin-et-son-noeud-2#primaryimage\",\"inLanguage\":\"fr-FR\",\"url\":\"https:\/\/lapausetendresse.fr\/wp-content\/uploads\/2022\/02\/6D27BB56-F6EE-4762-9E16-B74F7761F452.jpg\",\"contentUrl\":\"https:\/\/lapausetendresse.fr\/wp-content\/uploads\/2022\/02\/6D27BB56-F6EE-4762-9E16-B74F7761F452.jpg\",\"width\":1440,\"height\":1440},{\"@type\":\"WebPage\",\"@id\":\"https:\/\/lapausetendresse.fr\/?product=doudou-lange-pingouin-et-son-noeud-2#webpage\",\"url\":\"https:\/\/lapausetendresse.fr\/?product=doudou-lange-pingouin-et-son-noeud-2\",\"name\":\"Doudou lange Pingouin et son noeud - La Pause Tendresse\",\"isPartOf\":{\"@id\":\"http:\/\/lapausetendresse.fr\/#website\"},\"primaryImageOfPage\":{\"@id\":\"https:\/\/lapausetendresse.fr\/?product=doudou-lange-pingouin-et-son-noeud-2#primaryimage\"},\"datePublished\":\"2024-10-08T06:59:10+00:00\",\"dateModified\":\"2025-07-06T09:40:01+00:00\",\"breadcrumb\":{\"@id\":\"https:\/\/lapausetendresse.fr\/?product=doudou-lange-pingouin-et-son-noeud-2#breadcrumb\"},\"inLanguage\":\"fr-FR\",\"potentialAction\":[{\"@type\":\"ReadAction\",\"target\":[\"https:\/\/lapausetendresse.fr\/?product=doudou-lange-pingouin-et-son-noeud-2\"]}]},{\"@type\":\"BreadcrumbList\",\"@id\":\"https:\/\/lapausetendresse.fr\/?product=doudou-lange-pingouin-et-son-noeud-2#breadcrumb\",\"itemListElement\":[{\"@type\":\"ListItem\",\"position\":1,\"name\":\"Accueil\",\"item\":\"http:\/\/lapausetendresse.fr\/\"},{\"@type\":\"ListItem\",\"position\":2,\"name\":\"Mes Cr\\u00e9ations\",\"item\":\"https:\/\/lapausetendresse.fr\/?page_id=452\"},{\"@type\":\"ListItem\",\"position\":3,\"name\":\"Doudou lange Pingouin et son noeud\"}]}]}<\/script>\n<!-- \/ Yoast SEO plugin. -->","yoast_head_json":{"title":"Doudou lange Pingouin et son noeud - La Pause Tendresse","robots":{"index":"index","follow":"follow","max-snippet":"max-snippet:-1","max-image-preview":"max-image-preview:large","max-video-preview":"max-video-preview:-1"},"canonical":"https:\/\/lapausetendresse.fr\/?product=doudou-lange-pingouin-et-son-noeud-2","og_locale":"fr_FR","og_type":"article","og_title":"Doudou lange Pingouin et son noeud - La Pause Tendresse","og_description":"Produit en stock, d\u00e9j\u00e0 confectionn\u00e9 (mais jamais exp\u00e9di\u00e9). Pr\u00eat \u00e0 partir.  Des mati\u00e8res et couleurs toutes douces pour le confort de b\u00e9b\u00e9. Le compagnon id\u00e9al pour que b\u00e9b\u00e9 se sente rassur\u00e9.  Pensez aux attaches doudous -&gt; disponible dans l\u2019onglet \u00ab\u00a0Accessoires\u00a0\u00bb ainsi b\u00e9b\u00e9 ne perdra plus son doudou ou ne sera plus sali.   Confectionn\u00e9 par mes soins,  Chaque pi\u00e8ce est unique ;  Textures diff\u00e9rentes qui stimulent le toucher ;  Envoi tr\u00e8s rapide.","og_url":"https:\/\/lapausetendresse.fr\/?product=doudou-lange-pingouin-et-son-noeud-2","og_site_name":"La Pause Tendresse","article_modified_time":"2025-07-06T09:40:01+00:00","og_image":[{"width":1440,"height":1440,"url":"http:\/\/lapausetendresse.fr\/wp-content\/uploads\/2022\/02\/6D27BB56-F6EE-4762-9E16-B74F7761F452.jpg","type":"image\/jpeg"}],"twitter_card":"summary_large_image","twitter_misc":{"Dur\u00e9e de lecture est.":"1 minute"},"schema":{"@context":"https:\/\/schema.org","@graph":[{"@type":"WebSite","@id":"http:\/\/lapausetendresse.fr\/#website","url":"http:\/\/lapausetendresse.fr\/","name":"La Pause Tendresse","description":"Passionn\u00e9e par le crochet et le monde des Petits","potentialAction":[{"@type":"SearchAction","target":{"@type":"EntryPoint","urlTemplate":"http:\/\/lapausetendresse.fr\/?s={search_term_string}"},"query-input":"required name=search_term_string"}],"inLanguage":"fr-FR"},{"@type":"ImageObject","@id":"https:\/\/lapausetendresse.fr\/?product=doudou-lange-pingouin-et-son-noeud-2#primaryimage","inLanguage":"fr-FR","url":"https:\/\/lapausetendresse.fr\/wp-content\/uploads\/2022\/02\/6D27BB56-F6EE-4762-9E16-B74F7761F452.jpg","contentUrl":"https:\/\/lapausetendresse.fr\/wp-content\/uploads\/2022\/02\/6D27BB56-F6EE-4762-9E16-B74F7761F452.jpg","width":1440,"height":1440},{"@type":"WebPage","@id":"https:\/\/lapausetendresse.fr\/?product=doudou-lange-pingouin-et-son-noeud-2#webpage","url":"https:\/\/lapausetendresse.fr\/?product=doudou-lange-pingouin-et-son-noeud-2","name":"Doudou lange Pingouin et son noeud - La Pause Tendresse","isPartOf":{"@id":"http:\/\/lapausetendresse.fr\/#website"},"primaryImageOfPage":{"@id":"https:\/\/lapausetendresse.fr\/?product=doudou-lange-pingouin-et-son-noeud-2#primaryimage"},"datePublished":"2024-10-08T06:59:10+00:00","dateModified":"2025-07-06T09:40:01+00:00","breadcrumb":{"@id":"https:\/\/lapausetendresse.fr\/?product=doudou-lange-pingouin-et-son-noeud-2#breadcrumb"},"inLanguage":"fr-FR","potentialAction":[{"@type":"ReadAction","target":["https:\/\/lapausetendresse.fr\/?product=doudou-lange-pingouin-et-son-noeud-2"]}]},{"@type":"BreadcrumbList","@id":"https:\/\/lapausetendresse.fr\/?product=doudou-lange-pingouin-et-son-noeud-2#breadcrumb","itemListElement":[{"@type":"ListItem","position":1,"name":"Accueil","item":"http:\/\/lapausetendresse.fr\/"},{"@type":"ListItem","position":2,"name":"Mes Cr\u00e9ations","item":"https:\/\/lapausetendresse.fr\/?page_id=452"},{"@type":"ListItem","position":3,"name":"Doudou lange Pingouin et son noeud"}]}]}},"_links":{"self":[{"href":"https:\/\/lapausetendresse.fr\/index.php?rest_route=\/wp\/v2\/product\/3544"}],"collection":[{"href":"https:\/\/lapausetendresse.fr\/index.php?rest_route=\/wp\/v2\/product"}],"about":[{"href":"https:\/\/lapausetendresse.fr\/index.php?rest_route=\/wp\/v2\/types\/product"}],"replies":[{"embeddable":true,"href":"https:\/\/lapausetendresse.fr\/index.php?rest_route=%2Fwp%2Fv2%2Fcomments&post=3544"}],"wp:featuredmedia":[{"embeddable":true,"href":"https:\/\/lapausetendresse.fr\/index.php?rest_route=\/wp\/v2\/media\/1840"}],"wp:attachment":[{"href":"https:\/\/lapausetendresse.fr\/index.php?rest_route=%2Fwp%2Fv2%2Fmedia&parent=3544"}],"wp:term":[{"taxonomy":"product_cat","embeddable":true,"href":"https:\/\/lapausetendresse.fr\/index.php?rest_route=%2Fwp%2Fv2%2Fproduct_cat&post=3544"},{"taxonomy":"product_tag","embeddable":true,"href":"https:\/\/lapausetendresse.fr\/index.php?rest_route=%2Fwp%2Fv2%2Fproduct_tag&post=3544"}],"curies":[{"name":"wp","href":"https:\/\/api.w.org\/{rel}","templated":true}]}}